{"id":31,"date":"2023-03-11T18:50:35","date_gmt":"2023-03-11T17:50:35","guid":{"rendered":"https:\/\/qepg.hu\/?page_id=31"},"modified":"2023-08-09T15:10:47","modified_gmt":"2023-08-09T13:10:47","slug":"kapcsolat","status":"publish","type":"page","link":"https:\/\/qepg.hu\/index.php\/kapcsolat\/","title":{"rendered":"Kapcsolat"},"content":{"rendered":"\n<p><\/p>\n\n\n\n<p><strong>Qualitas \u00c9p\u00fcletg\u00e9p\u00e9sz Kft.<\/strong><\/p>\n\n\n\n<p>Ad\u00f3sz\u00e1m: 32061066-2-43<\/p>\n\n\n\n<p>C\u00e9gjegyz\u00e9k sz\u00e1m: 01-09-404919<\/p>\n\n\n\n<p>Horv\u00e1th Attila<br>\u00dcgyvezet\u0151<\/p>\n\n\n\n<p>Mobil: +36703363735<\/p>\n\n\n\n<p>qualitas.epg@gmail.com<\/p>\n\n\n\n<p>hattila9514@gmail.com<\/p>\n\n\n\n<p>K\u00f6vess minket a Facebookon: <\/p>\n\n\n<p>[custom-facebook-feed feed=1]<\/p>\n","protected":false},"excerpt":{"rendered":"<p>Qualitas \u00c9p\u00fcletg\u00e9p\u00e9sz Kft. Ad\u00f3sz\u00e1m: 32061066-2-43 C\u00e9gjegyz\u00e9k sz\u00e1m: 01-09-404919 Horv\u00e1th Attila\u00dcgyvezet\u0151 Mobil: +36703363735 qualitas.epg@gmail.com hattila9514@gmail.com K\u00f6vess minket a Facebookon:<\/p>\n","protected":false},"author":1,"featured_media":0,"parent":0,"menu_order":0,"comment_status":"closed","ping_status":"closed","template":"","meta":{"footnotes":""},"class_list":["post-31","page","type-page","status-publish","hentry"],"_links":{"self":[{"href":"https:\/\/qepg.hu\/index.php\/wp-json\/wp\/v2\/pages\/31","targetHints":{"allow":["GET"]}}],"collection":[{"href":"https:\/\/qepg.hu\/index.php\/wp-json\/wp\/v2\/pages"}],"about":[{"href":"https:\/\/qepg.hu\/index.php\/wp-json\/wp\/v2\/types\/page"}],"author":[{"embeddable":true,"href":"https:\/\/qepg.hu\/index.php\/wp-json\/wp\/v2\/users\/1"}],"replies":[{"embeddable":true,"href":"https:\/\/qepg.hu\/index.php\/wp-json\/wp\/v2\/comments?post=31"}],"version-history":[{"count":7,"href":"https:\/\/qepg.hu\/index.php\/wp-json\/wp\/v2\/pages\/31\/revisions"}],"predecessor-version":[{"id":407,"href":"https:\/\/qepg.hu\/index.php\/wp-json\/wp\/v2\/pages\/31\/revisions\/407"}],"wp:attachment":[{"href":"https:\/\/qepg.hu\/index.php\/wp-json\/wp\/v2\/media?parent=31"}],"curies":[{"name":"wp","href":"https:\/\/api.w.org\/{rel}","templated":true}]}}